{"id":166,"date":"2019-09-13T11:19:59","date_gmt":"2019-09-13T09:19:59","guid":{"rendered":"https:\/\/diviroofing.divifixer.com\/?page_id=13"},"modified":"2024-03-06T11:31:09","modified_gmt":"2024-03-06T10:31:09","slug":"blog","status":"publish","type":"page","link":"https:\/\/gauthier-couverture.fr\/index.php\/blog\/","title":{"rendered":"Quelques chantiers de couverture &#8211; zinguerie livr\u00e9s par John Gauthier Couvreur 24"},"content":{"rendered":"<p>[et_pb_section fb_built=\u00a0\u00bb1&Prime; _builder_version=\u00a0\u00bb4.16&Prime; background_image=\u00a0\u00bbhttps:\/\/gauthier-couverture.fr\/wp-content\/uploads\/2020\/09\/header-bg.jpg\u00a0\u00bb background_size=\u00a0\u00bbcontain\u00a0\u00bb background_repeat=\u00a0\u00bbrepeat\u00a0\u00bb custom_padding=\u00a0\u00bb||0px||false|false\u00a0\u00bb global_colors_info=\u00a0\u00bb{}\u00a0\u00bb][et_pb_row _builder_version=\u00a0\u00bb4.16&Prime; custom_padding=\u00a0\u00bb||0px||false|false\u00a0\u00bb global_colors_info=\u00a0\u00bb{}\u00a0\u00bb][et_pb_column type=\u00a0\u00bb4_4&Prime; _builder_version=\u00a0\u00bb4.16&Prime; global_colors_info=\u00a0\u00bb{}\u00a0\u00bb][et_pb_text module_class=\u00a0\u00bbdct_header\u00a0\u00bb _builder_version=\u00a0\u00bb4.16&Prime; text_font=\u00a0\u00bbWork Sans||||||||\u00a0\u00bb header_font=\u00a0\u00bbWork Sans||||||||\u00a0\u00bb background_enable_color=\u00a0\u00bboff\u00a0\u00bb text_orientation=\u00a0\u00bbcenter\u00a0\u00bb max_width=\u00a0\u00bb550px\u00a0\u00bb module_alignment=\u00a0\u00bbcenter\u00a0\u00bb custom_padding=\u00a0\u00bb20px||20px||true|false\u00a0\u00bb global_colors_info=\u00a0\u00bb{}\u00a0\u00bb]<\/p>\n<h1>Notre Blog<\/h1>\n<p>[\/et_pb_text][\/et_pb_column][\/et_pb_row][\/et_pb_section][et_pb_section fb_built=\u00a0\u00bb1&Prime; _builder_version=\u00a0\u00bb4.16&Prime; custom_padding=\u00a0\u00bb||0px|||\u00a0\u00bb global_colors_info=\u00a0\u00bb{}\u00a0\u00bb][et_pb_row use_custom_gutter=\u00a0\u00bbon\u00a0\u00bb make_equal=\u00a0\u00bbon\u00a0\u00bb _builder_version=\u00a0\u00bb4.16&Prime; max_width=\u00a0\u00bb1200px\u00a0\u00bb global_colors_info=\u00a0\u00bb{}\u00a0\u00bb][et_pb_column type=\u00a0\u00bb4_4&Prime; _builder_version=\u00a0\u00bb4.16&Prime; global_colors_info=\u00a0\u00bb{}\u00a0\u00bb][et_pb_blog posts_number=\u00a0\u00bb6&Prime; meta_date=\u00a0\u00bbj M\u00a0\u00bb excerpt_length=\u00a0\u00bb120&Prime; _builder_version=\u00a0\u00bb4.16&Prime; _module_preset=\u00a0\u00bbed447409-d8ec-4aeb-9fae-7ee1d0461405&Prime; global_colors_info=\u00a0\u00bb{}\u00a0\u00bb]<br \/>\n[\/et_pb_blog][\/et_pb_column][\/et_pb_row][\/et_pb_section]<\/p>\n","protected":false},"excerpt":{"rendered":"<p>Notre Blog<\/p>\n","protected":false},"author":1,"featured_media":0,"parent":0,"menu_order":0,"comment_status":"closed","ping_status":"closed","template":"","meta":{"_et_pb_use_builder":"on","_et_pb_old_content":"","_et_gb_content_width":"","footnotes":""},"class_list":["post-166","page","type-page","status-publish","hentry"],"yoast_head":"<!-- This site is optimized with the Yoast SEO plugin v25.6 - https:\/\/yoast.com\/wordpress\/plugins\/seo\/ -->\n<title>Quelques chantiers de couverture - zinguerie livr\u00e9s par John Gauthier Couvreur 24 - Couvreur 24 - John Gauthier - fuites, d\u00e9moussage entretien de votre toit, r\u00e9novation<\/title>\n<meta name=\"description\" content=\"Quelques chantiers de couverture - zinguerie r\u00e9cemment livr\u00e9s par John Gauthier Couvreur 24\" \/>\n<meta name=\"robots\" content=\"index, follow, max-snippet:-1, max-image-preview:large, max-video-preview:-1\" \/>\n<link rel=\"canonical\" href=\"https:\/\/gauthier-couverture.fr\/index.php\/blog\/\" \/>\n<meta property=\"og:locale\" content=\"fr_FR\" \/>\n<meta property=\"og:type\" content=\"article\" \/>\n<meta property=\"og:title\" content=\"Quelques chantiers de couverture - zinguerie livr\u00e9s par John Gauthier Couvreur 24 - Couvreur 24 - John Gauthier - fuites, d\u00e9moussage entretien de votre toit, r\u00e9novation\" \/>\n<meta property=\"og:description\" content=\"Quelques chantiers de couverture - zinguerie r\u00e9cemment livr\u00e9s par John Gauthier Couvreur 24\" \/>\n<meta property=\"og:url\" content=\"https:\/\/gauthier-couverture.fr\/index.php\/blog\/\" \/>\n<meta property=\"og:site_name\" content=\"Couvreur 24 - John Gauthier - fuites, d\u00e9moussage entretien de votre toit, r\u00e9novation\" \/>\n<meta property=\"article:modified_time\" content=\"2024-03-06T10:31:09+00:00\" \/>\n<meta name=\"twitter:card\" content=\"summary_large_image\" \/>\n<meta name=\"twitter:label1\" content=\"Dur\u00e9e de lecture estim\u00e9e\" \/>\n\t<meta name=\"twitter:data1\" content=\"1 minute\" \/>\n<script type=\"application\/ld+json\" class=\"yoast-schema-graph\">{\"@context\":\"https:\/\/schema.org\",\"@graph\":[{\"@type\":\"WebPage\",\"@id\":\"https:\/\/gauthier-couverture.fr\/index.php\/blog\/\",\"url\":\"https:\/\/gauthier-couverture.fr\/index.php\/blog\/\",\"name\":\"Quelques chantiers de couverture - zinguerie livr\u00e9s par John Gauthier Couvreur 24 - Couvreur 24 - John Gauthier - fuites, d\u00e9moussage entretien de votre toit, r\u00e9novation\",\"isPartOf\":{\"@id\":\"https:\/\/gauthier-couverture.fr\/#website\"},\"datePublished\":\"2019-09-13T09:19:59+00:00\",\"dateModified\":\"2024-03-06T10:31:09+00:00\",\"description\":\"Quelques chantiers de couverture - zinguerie r\u00e9cemment livr\u00e9s par John Gauthier Couvreur 24\",\"breadcrumb\":{\"@id\":\"https:\/\/gauthier-couverture.fr\/index.php\/blog\/#breadcrumb\"},\"inLanguage\":\"fr-FR\",\"potentialAction\":[{\"@type\":\"ReadAction\",\"target\":[\"https:\/\/gauthier-couverture.fr\/index.php\/blog\/\"]}]},{\"@type\":\"BreadcrumbList\",\"@id\":\"https:\/\/gauthier-couverture.fr\/index.php\/blog\/#breadcrumb\",\"itemListElement\":[{\"@type\":\"ListItem\",\"position\":1,\"name\":\"Accueil\",\"item\":\"https:\/\/gauthier-couverture.fr\/\"},{\"@type\":\"ListItem\",\"position\":2,\"name\":\"Quelques chantiers de couverture &#8211; zinguerie livr\u00e9s par John Gauthier Couvreur 24\"}]},{\"@type\":\"WebSite\",\"@id\":\"https:\/\/gauthier-couverture.fr\/#website\",\"url\":\"https:\/\/gauthier-couverture.fr\/\",\"name\":\"Couvreur 24 - John Gauthier - fuites, d\u00e9moussage entretien de votre toit, r\u00e9novation\",\"description\":\"Un artisan couvreur zingueur \u00e0 votre service dans le 24 - Dordogne\",\"potentialAction\":[{\"@type\":\"SearchAction\",\"target\":{\"@type\":\"EntryPoint\",\"urlTemplate\":\"https:\/\/gauthier-couverture.fr\/?s={search_term_string}\"},\"query-input\":{\"@type\":\"PropertyValueSpecification\",\"valueRequired\":true,\"valueName\":\"search_term_string\"}}],\"inLanguage\":\"fr-FR\"}]}<\/script>\n<!-- \/ Yoast SEO plugin. -->","yoast_head_json":{"title":"Quelques chantiers de couverture - zinguerie livr\u00e9s par John Gauthier Couvreur 24 - Couvreur 24 - John Gauthier - fuites, d\u00e9moussage entretien de votre toit, r\u00e9novation","description":"Quelques chantiers de couverture - zinguerie r\u00e9cemment livr\u00e9s par John Gauthier Couvreur 24","robots":{"index":"index","follow":"follow","max-snippet":"max-snippet:-1","max-image-preview":"max-image-preview:large","max-video-preview":"max-video-preview:-1"},"canonical":"https:\/\/gauthier-couverture.fr\/index.php\/blog\/","og_locale":"fr_FR","og_type":"article","og_title":"Quelques chantiers de couverture - zinguerie livr\u00e9s par John Gauthier Couvreur 24 - Couvreur 24 - John Gauthier - fuites, d\u00e9moussage entretien de votre toit, r\u00e9novation","og_description":"Quelques chantiers de couverture - zinguerie r\u00e9cemment livr\u00e9s par John Gauthier Couvreur 24","og_url":"https:\/\/gauthier-couverture.fr\/index.php\/blog\/","og_site_name":"Couvreur 24 - John Gauthier - fuites, d\u00e9moussage entretien de votre toit, r\u00e9novation","article_modified_time":"2024-03-06T10:31:09+00:00","twitter_card":"summary_large_image","twitter_misc":{"Dur\u00e9e de lecture estim\u00e9e":"1 minute"},"schema":{"@context":"https:\/\/schema.org","@graph":[{"@type":"WebPage","@id":"https:\/\/gauthier-couverture.fr\/index.php\/blog\/","url":"https:\/\/gauthier-couverture.fr\/index.php\/blog\/","name":"Quelques chantiers de couverture - zinguerie livr\u00e9s par John Gauthier Couvreur 24 - Couvreur 24 - John Gauthier - fuites, d\u00e9moussage entretien de votre toit, r\u00e9novation","isPartOf":{"@id":"https:\/\/gauthier-couverture.fr\/#website"},"datePublished":"2019-09-13T09:19:59+00:00","dateModified":"2024-03-06T10:31:09+00:00","description":"Quelques chantiers de couverture - zinguerie r\u00e9cemment livr\u00e9s par John Gauthier Couvreur 24","breadcrumb":{"@id":"https:\/\/gauthier-couverture.fr\/index.php\/blog\/#breadcrumb"},"inLanguage":"fr-FR","potentialAction":[{"@type":"ReadAction","target":["https:\/\/gauthier-couverture.fr\/index.php\/blog\/"]}]},{"@type":"BreadcrumbList","@id":"https:\/\/gauthier-couverture.fr\/index.php\/blog\/#breadcrumb","itemListElement":[{"@type":"ListItem","position":1,"name":"Accueil","item":"https:\/\/gauthier-couverture.fr\/"},{"@type":"ListItem","position":2,"name":"Quelques chantiers de couverture &#8211; zinguerie livr\u00e9s par John Gauthier Couvreur 24"}]},{"@type":"WebSite","@id":"https:\/\/gauthier-couverture.fr\/#website","url":"https:\/\/gauthier-couverture.fr\/","name":"Couvreur 24 - John Gauthier - fuites, d\u00e9moussage entretien de votre toit, r\u00e9novation","description":"Un artisan couvreur zingueur \u00e0 votre service dans le 24 - Dordogne","potentialAction":[{"@type":"SearchAction","target":{"@type":"EntryPoint","urlTemplate":"https:\/\/gauthier-couverture.fr\/?s={search_term_string}"},"query-input":{"@type":"PropertyValueSpecification","valueRequired":true,"valueName":"search_term_string"}}],"inLanguage":"fr-FR"}]}},"_links":{"self":[{"href":"https:\/\/gauthier-couverture.fr\/index.php\/wp-json\/wp\/v2\/pages\/166"}],"collection":[{"href":"https:\/\/gauthier-couverture.fr\/index.php\/wp-json\/wp\/v2\/pages"}],"about":[{"href":"https:\/\/gauthier-couverture.fr\/index.php\/wp-json\/wp\/v2\/types\/page"}],"author":[{"embeddable":true,"href":"https:\/\/gauthier-couverture.fr\/index.php\/wp-json\/wp\/v2\/users\/1"}],"replies":[{"embeddable":true,"href":"https:\/\/gauthier-couverture.fr\/index.php\/wp-json\/wp\/v2\/comments?post=166"}],"version-history":[{"count":5,"href":"https:\/\/gauthier-couverture.fr\/index.php\/wp-json\/wp\/v2\/pages\/166\/revisions"}],"predecessor-version":[{"id":6744,"href":"https:\/\/gauthier-couverture.fr\/index.php\/wp-json\/wp\/v2\/pages\/166\/revisions\/6744"}],"wp:attachment":[{"href":"https:\/\/gauthier-couverture.fr\/index.php\/wp-json\/wp\/v2\/media?parent=166"}],"curies":[{"name":"wp","href":"https:\/\/api.w.org\/{rel}","templated":true}]}}